= 4*b + 7. Let a(g) = 3*t(g) + 5*y(g). Let x be a(7). Let n = x + 38. Calculate the remainder when n is divided by 6.
3
Suppose -4*m = m - 5*u - 30, -4*m + 6 = 5*u. Suppose 0 = 5*h - 2*h + m*l - 23, -h + 25 = -3*l. Let p = -15 + 20. What is the remainder when h is divided by p?
3
Let b(m) = m - 2*m + 2*m + 8. Let q be b(-7). Suppose 4 = 5*t - q. What is the remainder when t is divided by 1?
0
Suppose 3*a = -12, 6*v - 3*v = 4*a + 37. Suppose 4*m + 211 = 5*p, -p - m + 2 = -33. What is the remainder when p is divided by v?
4
Suppose 436 - 16 = 10*q. What is the remainder when 125 is divided by q?
41
Let s = -978 + 1050. Calculate the remainder when 207 is divided by s.
63
Let j(k) = -k**3 + 8*k**2 + k - 10. Let v be 4/(5*1/10). Let s be j(v). What is the remainder when 105 is divided by (162/12)/(s/(-4))?
24
Suppose -5*k - 17 = -37. Suppose 126*y = 129*y - 21. Calculate the remainder when y is divided by k.
3
Let z(q) = -2*q + 59. Suppose -10*w + 8*w - 14 = 0. What is the remainder when z(w) is divided by 37?
36
Let v(b) = -11 - 16*b + 5*b + 13*b. What is the remainder when v(15) is divided by 7?
5
Let c be -2 + 2 + -1 + 0. Suppose 5*m + 4*b - 18 = 0, -b = -m - 6 + 15. What is the remainder when 20/2 + 1 + c is divided by m?
4
Suppose 3*j + 6*r = -0*j + 270, 5*r + 292 = 3*j. Calculate the remainder when 225 is divided by j.
37
Calculate the remainder when 173 is divided by (-225)/(-6)*(-38)/(-57).
23
Suppose -12 = 20*o - 152. Suppose 4*l + 3*c = 123, 4*c - 133 = -4*l - 5. What is the remainder when l is divided by o?
6
Let n = -45 - 2. Let k = n - -67. What is the remainder when 58 is divided by k?
18
Let v(g) = g**2 + 8*g - 7. Let b be v(-7). Let c(p) = p**3 - 3*p - 2*p + 11*p**2 - 17 + 3*p**2 + 0*p. What is the remainder when c(b) is divided by 28?
25
Let a(n) be the third derivative of -n**6/60 - n**5/60 - n**4/8 - 2*n**3/3 - 9*n**2. What is the remainder when 53 is divided by a(-2)?
11
What is the remainder when 242 is divided by -9*(-6*1)/((-40)/(-60))?
80
Suppose -2*k - 2*o + 54 = 14, -2*k = -3*o - 40. What is the remainder when 346/6 + 2/6 is divided by k?
18
Let t = -1513 + 1569. What is the remainder when t is divided by 31?
25
Suppose -2*j = -7 - 3. Let b = 9 - j. Suppose p - 7 = -2*l - l, p - 11 = -b*l. Calculate the remainder when 14 is divided by l.
2
Let i = -23 - -126. Suppose 5*u - 10 + 0 = 0. Suppose 3*o + 43 = u*f, 18 = -4*f + 5*o + i. What is the remainder when f is divided by 7?
6
Let g = -741 - -808. Calculate the remainder when 135 is divided by g.
1
Let g be (-4 - -3)/((-3)/6). Suppose -7 - 33 = -g*b. Suppose o + 5*j = 4 + b, 5*o - 2*j = 66. Calculate the remainder when o is divided by 8.
6
Suppose 5*z - 5*j - 4 = 21, -z = 2*j - 8. Calculate the remainder when 17 is divided by z.
5
Suppose -3*f = -w - 5, -7*w + 3 = -f - 2*w. Suppose 0 = 5*i + 5*x - 20, 8*i - 23 = 3*i - f*x. Calculate the remainder when 11 is divided by i.
1
Suppose -11 = -m + 27*b - 32*b, -3*b = 0. Calculate the remainder when 62 is divided by m.
7
Suppose v + 4 = -4*o, 4*v + o = -0*v + 14. Calculate the remainder when 23 is divided by (-2*v/(-3))/(4/18).
11
Let o(s) = s**3 + 10*s**2 + 12*s - 7. Suppose -5*k + 1 = -a, -4*a - 13 - 9 = -2*k. Calculate the remainder when o(a) is divided by 48/3 + (2 - 1).
14
Let n(v) = -5*v**3 - 1. Let p(t) = t + 3. Let a be p(-4). What is the remainder when n(a) is divided by (-47)/(-15) - (-46)/(-345)?
1
Suppose -96 = h - 147. What is the remainder when h is divided by 11?
7
Let f(q) = 22*q**3 - q**2 - 37*q + 39. Suppose -3*h - 52 + 322 = 0. What is the remainder when h is divided by f(1)?
21
Suppose s = -2*s + 18. Let f = 36 + -26. What is the remainder when s/f + 335/25 is divided by 5?
4
Let g = 17 - 12. Suppose -12*v + 228 = -0*v. What is the remainder when v is divided by g?
4
Let u(c) = 3*c + 1. Let r be u(-4). Let p = -11 - r. Suppose p = -5*l - h + 38, -3*l + h - 10 = -4*l. What is the remainder when l is divided by 5?
2
Let n = -806 + 816. Let d(u) = -u. Let b(s) = -37*s**2 - 3*s. Let g(f) = -b(f) + 2*d(f). Calculate the remainder when g(1) is divided by n.
8
Let j(m) = m**3 + 13*m**2 + 22*m + 49. Calculate the remainder when j(-10) is divided by 41.
6
Suppose -4*j = -7*j + 24. Let t(v) = 5*v - 9. What is the remainder when t(j) is divided by 18 - (-1 + 3 - 1)?
14
Let x = 32 + -52. Let p = x + 96. What is the remainder when p is divided by 5 + -3 - 1 - -25?
24
Let r(m) = 2*m - 1. Let a(l) be the second derivative of -l**5/20 + l**4/3 - 2*l**2 - 3*l. Let v be a(3). Calculate the remainder when 16 is divided by r(v).
7
Let i be (6/10)/((-2)/(-10)). Suppose 5*k - 35 = -i*v + 31, 0 = -4*k - 4*v + 48. Suppose 0 = -2*t + 413 - 297. What is the remainder when t is divided by k?
13
Let i(c) = 4*c**3 - 3*c**2 + 2*c - 1. Suppose 2*d - 70 = 2*r - r, -3*r - 214 = -2*d. What is the remainder when i(2) is divided by 162/r*32/(-6)?
11
Let n = 8 - 5. Suppose -y - 6 = -4*g, -y + n = -g + 6. Suppose 5*m + g = 11. What is the remainder when 6 is divided by m?
0
Suppose -3*z - 56 = -170. Let l = 59 - z. Calculate the remainder when l is divided by 12.
9
Let v = 45 + -23. Suppose 261 = -4*t + n, -255 = 3*t + t - 3*n. Calculate the remainder when 38 is divided by (-516)/t + 4/v.
6
Suppose 86*l = 85*l + 1790. Calculate the remainder when l is divided by 16.
14
What is the remainder when 27 + 3 - (2 - 8) is divided by 10?
6
Suppose 65 - 21 = -2*c. Let w = 37 + c. Calculate the remainder when 73 is divided by w.
13
Let k = 379 - 231. What is the remainder when (-11)/(-22)*((2 - 0) + k) is divided by 39?
36
Let h(t) = -t**3 - 17*t**2 - 2*t - 25. Let m be h(-17). Calculate the remainder when 61 is divided by (-96)/m*(-6)/4.
13
Let g(m) = -m - 6. Let s be g(-10). Let y = s - 1. Let h = 31 - 21. What is the remainder when h is divided by y?
1
Suppose 0 = q - 2*x + 1, -22 = x - 25. Let j(m) = 7*m - 7*m**2 - 5 + 6*m + 0*m + m**3. Calculate the remainder when 19 is divided by j(q).
9
Let j(i) be the first derivative of 3 + 1/4*i**4 + 0*i**3 + 0*i - i**2. Calculate the remainder when j(2) is divided by 2.
0
Suppose -5*b + 1 = -9. Suppose -b*a - y - 3*y + 106 = 0, -4*a + 5*y = -212. Calculate the remainder when 102 is divided by a.
49
Let t = -502 - -519. Calculate the remainder when 98 is divided by t.
13
Suppose -3*h - 20 = -479. Calculate the remainder when h is divided by 32.
25
Let k(w) = 8 + 4 - 3 + w. Let h be k(-8). Calculate the remainder when 51 is divided by 1 + 13 - h - 0.
12
Suppose -3*g + 8 + 25 = 0. Let x be ((-1)/(-3))/(4/36). Suppose u - 40 = x. Calculate the remainder when u is divided by g.
10
Calculate the remainder when -3*(-3)/(9/8) is divided by 6.
2
Suppose 3*t + 133 = -4*t. What is the remainder when 0/(-1) - (t - 8) is divided by 1/(1/(-7)*-1)?
6
Let l = -149 + 240. What is the remainder when l is divided by 31?
29
Let n = -4 + 9. Suppose 15 = -2*a + n*a. Suppose -a*k + k = -44. What is the remainder when 30 is divided by k?
8
Suppose 5*q - 14 = -44. Calculate the remainder when 10/5*(-15)/(-2) is divided by (q/2)/(4/(-12)).
6
Let p(n) be the first derivative of -1/2*n**2 + 18*n - 2. What is the remainder when 7 is divided by p(13)?
2
Suppose -3*z + m = -1, 5*z = -0*z - 4*m - 4. Suppose s + 4*c - 63 = -2*s, -3*c = z. Let d = 10 + s. What is the remainder when d is divided by 16?
15
Let r(t) = -3*t + 50. Suppose -71*n + 75 = -66*n. What is the remainder when 14 is divided by r(n)?
4
Calculate the remainder when 108 is divided by ((-21)/6)/(14 + -15)*8.
24
Calculate the remainder when 4*(-21)/28 + 228/1 is divided by 58.
51
Suppose 4*p + 20 = 0, 3*p + 10 = 2*z - 69. What is the remainder when 285 is divided by z?
29
Let f(g) = 8*g - 1. Suppose 24*d - 13*d - 1111 = 0. Let o = d + -87. Calculate the remainder when f(5) is divided by o.
11
Let w(q) = -q**3 - 55*q**2 - 156*q + 42. What is the remainder when 88 is divided by w(-52)?
4
Let i be 12/(-10)*(-50)/(-20). Let d = i + -1. Let l = 29 + d. What is the remainder when l is divided by 7?
4
Suppose 36 = 13*o - 4*o. Let c be 1/(-3 - (-952)/317). Suppose -3*k = 5*m - c - 105, -o*m + 3*k = -316. What is the remainder when m is divided by 14?
12
Suppose 2*a + 47 = 3*q - 49, 64 = 2*q + 4*a. Calculate the remainder when 222 is divided by q.
30
Let u(w) be the third derivative of